{"id":1083,"date":"2021-09-09T17:27:47","date_gmt":"2021-09-09T17:27:47","guid":{"rendered":"https:\/\/www.fesfa.co\/?page_id=1083"},"modified":"2026-03-27T22:11:54","modified_gmt":"2026-03-27T22:11:54","slug":"normatividad-2","status":"publish","type":"page","link":"https:\/\/www.fesfa.co\/?page_id=1083","title":{"rendered":"normatividad"},"content":{"rendered":"\t\t<div data-elementor-type=\"wp-page\" data-elementor-id=\"1083\" class=\"elementor elementor-1083\" data-elementor-settings=\"[]\">\r\n\t\t\t\t\t\t\t<div class=\"elementor-section-wrap\">\r\n\t\t\t\t\t\t\t<section class=\"elementor-section elementor-top-section elementor-element elementor-element-5ec71c2 elementor-section-boxed elementor-section-height-default elementor-section-height-default elementor-invisible\" data-id=\"5ec71c2\" data-element_type=\"section\" data-settings=\"{&quot;background_background&quot;:&quot;classic&quot;,&quot;animation&quot;:&quot;fadeInDown&quot;}\">\r\n\t\t\t\t\t\t\t<div class=\"elementor-background-overlay\"><\/div>\r\n\t\t\t\t\t\t\t<div class=\"elementor-container elementor-column-gap-default\">\r\n\t\t\t\t\t<div class=\"elementor-column elementor-col-50 elementor-top-column elementor-element elementor-element-858fa81\" data-id=\"858fa81\" data-element_type=\"column\">\r\n\t\t\t<div class=\"elementor-widget-wrap elementor-element-populated\">\r\n\t\t\t\t\t\t\t\t<div class=\"elementor-element elementor-element-d993820 elementor-widget elementor-widget-spacer\" data-id=\"d993820\" data-element_type=\"widget\" data-widget_type=\"spacer.default\">\r\n\t\t\t\t<div class=\"elementor-widget-container\">\r\n\t\t\t\t\t<div class=\"elementor-spacer\">\r\n\t\t\t<div class=\"elementor-spacer-inner\"><\/div>\r\n\t\t<\/div>\r\n\t\t\t\t<\/div>\r\n\t\t\t\t<\/div>\r\n\t\t\t\t<div class=\"elementor-element elementor-element-d3a59b1 elementor-widget elementor-widget-heading\" data-id=\"d3a59b1\" data-element_type=\"widget\" data-widget_type=\"heading.default\">\r\n\t\t\t\t<div class=\"elementor-widget-container\">\r\n\t\t\t<h2 class=\"elementor-heading-title elementor-size-default\">Estatuto y <br>reglamentos <\/h2>\t\t<\/div>\r\n\t\t\t\t<\/div>\r\n\t\t\t\t<div class=\"elementor-element elementor-element-4751269 elementor-widget elementor-widget-text-editor\" data-id=\"4751269\" data-element_type=\"widget\" data-widget_type=\"text-editor.default\">\r\n\t\t\t\t<div class=\"elementor-widget-container\">\r\n\t\t\t\t\t\t\t<p>Conoce las normas que orientan el funcionamiento de nuestra organizaci\u00f3n, garantizando la transparencia, la participaci\u00f3n y el cumplimiento de nuestros principios y deberes como asociados.<\/p>\t\t\t\t\t\t<\/div>\r\n\t\t\t\t<\/div>\r\n\t\t\t\t<div class=\"elementor-element elementor-element-05ae8d2 elementor-widget elementor-widget-spacer\" data-id=\"05ae8d2\" data-element_type=\"widget\" data-widget_type=\"spacer.default\">\r\n\t\t\t\t<div class=\"elementor-widget-container\">\r\n\t\t\t\t\t<div class=\"elementor-spacer\">\r\n\t\t\t<div class=\"elementor-spacer-inner\"><\/div>\r\n\t\t<\/div>\r\n\t\t\t\t<\/div>\r\n\t\t\t\t<\/div>\r\n\t\t\t\t\t<\/div>\r\n\t\t<\/div>\r\n\t\t\t\t<div class=\"elementor-column elementor-col-50 elementor-top-column elementor-element elementor-element-1893aab\" data-id=\"1893aab\" data-element_type=\"column\">\r\n\t\t\t<div class=\"elementor-widget-wrap elementor-element-populated\">\r\n\t\t\t\t\t\t\t\t<div class=\"elementor-element elementor-element-b5d0c55 elementor-widget elementor-widget-spacer\" data-id=\"b5d0c55\" data-element_type=\"widget\" data-widget_type=\"spacer.default\">\r\n\t\t\t\t<div class=\"elementor-widget-container\">\r\n\t\t\t\t\t<div class=\"elementor-spacer\">\r\n\t\t\t<div class=\"elementor-spacer-inner\"><\/div>\r\n\t\t<\/div>\r\n\t\t\t\t<\/div>\r\n\t\t\t\t<\/div>\r\n\t\t\t\t\t<\/div>\r\n\t\t<\/div>\r\n\t\t\t\t\t\t\t<\/div>\r\n\t\t<\/section>\r\n\t\t\t\t<section class=\"elementor-section elementor-top-section elementor-element elementor-element-4dbacee elementor-section-boxed elementor-section-height-default elementor-section-height-default\" data-id=\"4dbacee\" data-element_type=\"section\">\r\n\t\t\t\t\t\t<div class=\"elementor-container elementor-column-gap-default\">\r\n\t\t\t\t\t<div class=\"elementor-column elementor-col-100 elementor-top-column elementor-element elementor-element-8f7ad8e\" data-id=\"8f7ad8e\" data-element_type=\"column\">\r\n\t\t\t<div class=\"elementor-widget-wrap elementor-element-populated\">\r\n\t\t\t\t\t\t\t\t<div class=\"elementor-element elementor-element-7a2444f elementor-widget elementor-widget-spacer\" data-id=\"7a2444f\" data-element_type=\"widget\" data-widget_type=\"spacer.default\">\r\n\t\t\t\t<div class=\"elementor-widget-container\">\r\n\t\t\t\t\t<div class=\"elementor-spacer\">\r\n\t\t\t<div class=\"elementor-spacer-inner\"><\/div>\r\n\t\t<\/div>\r\n\t\t\t\t<\/div>\r\n\t\t\t\t<\/div>\r\n\t\t\t\t\t<\/div>\r\n\t\t<\/div>\r\n\t\t\t\t\t\t\t<\/div>\r\n\t\t<\/section>\r\n\t\t\t\t<section class=\"elementor-section elementor-top-section elementor-element elementor-element-ee2c765 elementor-section-boxed elementor-section-height-default elementor-section-height-default\" data-id=\"ee2c765\" data-element_type=\"section\">\r\n\t\t\t\t\t\t<div class=\"elementor-container elementor-column-gap-default\">\r\n\t\t\t\t\t<div class=\"elementor-column elementor-col-66 elementor-top-column elementor-element elementor-element-e2cecca\" data-id=\"e2cecca\" data-element_type=\"column\">\r\n\t\t\t<div class=\"elementor-widget-wrap elementor-element-populated\">\r\n\t\t\t\t\t\t\t\t<div class=\"elementor-element elementor-element-4cfb002 elementor-widget elementor-widget-text-editor\" data-id=\"4cfb002\" data-element_type=\"widget\" data-widget_type=\"text-editor.default\">\r\n\t\t\t\t<div class=\"elementor-widget-container\">\r\n\t\t\t\t\t\t\t<p><b><u>Estatuto<\/u><\/b>: El Estatuto establece las normas que rigen el funcionamiento de FESFA, los derechos y deberes de los asociados y la estructura de la entidad.<\/p>\t\t\t\t\t\t<\/div>\r\n\t\t\t\t<\/div>\r\n\t\t\t\t<div class=\"elementor-element elementor-element-ea7ebac elementor-widget elementor-widget-text-editor\" data-id=\"ea7ebac\" data-element_type=\"widget\" data-widget_type=\"text-editor.default\">\r\n\t\t\t\t<div class=\"elementor-widget-container\">\r\n\t\t\t\t\t\t\t<p><b>R<u>eglamento de cr\u00e9dito<\/u><\/b>: Define las condiciones, requisitos, tipos de cr\u00e9dito y procedimientos para acceder de manera responsable a los servicios de cr\u00e9dito.<\/p>\t\t\t\t\t\t<\/div>\r\n\t\t\t\t<\/div>\r\n\t\t\t\t<div class=\"elementor-element elementor-element-fb75eed elementor-widget elementor-widget-text-editor\" data-id=\"fb75eed\" data-element_type=\"widget\" data-widget_type=\"text-editor.default\">\r\n\t\t\t\t<div class=\"elementor-widget-container\">\r\n\t\t\t\t\t\t\t<p><b>R<u>eglamento de bienestar social<\/u><\/b>: Establece las normas y lineamientos para el acceso a auxilios, beneficios y programas de bienestar.<\/p>\t\t\t\t\t\t<\/div>\r\n\t\t\t\t<\/div>\r\n\t\t\t\t<div class=\"elementor-element elementor-element-c133795 elementor-widget elementor-widget-text-editor\" data-id=\"c133795\" data-element_type=\"widget\" data-widget_type=\"text-editor.default\">\r\n\t\t\t\t<div class=\"elementor-widget-container\">\r\n\t\t\t\t\t\t\t<p><b>R<u>eglamento de ahorro programado<\/u><\/b>: Define las condiciones y beneficios del ahorro programado, promoviendo la planificaci\u00f3n financiera y el cumplimiento de metas de nuestros asociados.<\/p>\t\t\t\t\t\t<\/div>\r\n\t\t\t\t<\/div>\r\n\t\t\t\t<div class=\"elementor-element elementor-element-db6ed97 elementor-widget elementor-widget-text-editor\" data-id=\"db6ed97\" data-element_type=\"widget\" data-widget_type=\"text-editor.default\">\r\n\t\t\t\t<div class=\"elementor-widget-container\">\r\n\t\t\t\t\t\t\t<p><b>R<u>equisitos para ser beneficiario del obsequio de fin de a\u00f1o<\/u><\/b>: Conoce las condiciones y criterios que deben cumplir los asociados para acceder al obsequio anual otorgado por FESFA.<\/p>\t\t\t\t\t\t<\/div>\r\n\t\t\t\t<\/div>\r\n\t\t\t\t<div class=\"elementor-element elementor-element-5a59d21 elementor-widget elementor-widget-text-editor\" data-id=\"5a59d21\" data-element_type=\"widget\" data-widget_type=\"text-editor.default\">\r\n\t\t\t\t<div class=\"elementor-widget-container\">\r\n\t\t\t\t\t\t\t<p><b><u>Pol\u00edticas y procedimiento para el tratamiento de datos<\/u><\/b>: Establecen las normas y lineamientos para la recolecci\u00f3n, uso, almacenamiento y protecci\u00f3n de los datos personales.<\/p>\t\t\t\t\t\t<\/div>\r\n\t\t\t\t<\/div>\r\n\t\t\t\t<div class=\"elementor-element elementor-element-f8d7ba7 elementor-widget elementor-widget-text-editor\" data-id=\"f8d7ba7\" data-element_type=\"widget\" data-widget_type=\"text-editor.default\">\r\n\t\t\t\t<div class=\"elementor-widget-container\">\r\n\t\t\t\t\t\t\t<p><b><u>C\u00f3digo de buen gobierno<\/u><\/b>: Establece los principios, valores y buenas pr\u00e1cticas que orientan la gesti\u00f3n \u00e9tica, transparente y responsable de FESFA..<\/p>\t\t\t\t\t\t<\/div>\r\n\t\t\t\t<\/div>\r\n\t\t\t\t\t<\/div>\r\n\t\t<\/div>\r\n\t\t\t\t<div class=\"elementor-column elementor-col-33 elementor-top-column elementor-element elementor-element-8caef70\" data-id=\"8caef70\" data-element_type=\"column\">\r\n\t\t\t<div class=\"elementor-widget-wrap elementor-element-populated\">\r\n\t\t\t\t\t\t\t\t<div class=\"elementor-element elementor-element-7123c6a elementor-widget elementor-widget-image\" data-id=\"7123c6a\" data-element_type=\"widget\" data-settings=\"{&quot;_animation&quot;:&quot;none&quot;}\" data-widget_type=\"image.default\">\r\n\t\t\t\t<div class=\"elementor-widget-container\">\r\n\t\t\t\t\t\t\t\t\t\t\t\t<figure class=\"wp-caption\">\r\n\t\t\t\t\t\t\t\t\t\t\t<a href=\"https:\/\/www.fesfa.co\/wp-content\/uploads\/2025\/05\/ESTATUTO-FESFA-VIGENTE-DESDE-ANO-2025-v2.pdf\">\r\n\t\t\t\t\t\t\t<img loading=\"lazy\" decoding=\"async\" width=\"1024\" height=\"214\" src=\"https:\/\/www.fesfa.co\/wp-content\/uploads\/2025\/12\/Recurso-7@4x-1-1024x214.png\" class=\"attachment-large size-large\" alt=\"\" srcset=\"https:\/\/www.fesfa.co\/wp-content\/uploads\/2025\/12\/Recurso-7@4x-1-1024x214.png 1024w, https:\/\/www.fesfa.co\/wp-content\/uploads\/2025\/12\/Recurso-7@4x-1-300x63.png 300w, https:\/\/www.fesfa.co\/wp-content\/uploads\/2025\/12\/Recurso-7@4x-1-768x161.png 768w, https:\/\/www.fesfa.co\/wp-content\/uploads\/2025\/12\/Recurso-7@4x-1-1536x321.png 1536w, https:\/\/www.fesfa.co\/wp-content\/uploads\/2025\/12\/Recurso-7@4x-1-650x136.png 650w, https:\/\/www.fesfa.co\/wp-content\/uploads\/2025\/12\/Recurso-7@4x-1.png 1591w\" sizes=\"auto, (max-width: 1024px) 100vw, 1024px\" \/>\t\t\t\t\t\t\t\t<\/a>\r\n\t\t\t\t\t\t\t\t\t\t\t<figcaption class=\"widget-image-caption wp-caption-text\"><\/figcaption>\r\n\t\t\t\t\t\t\t\t\t\t<\/figure>\r\n\t\t\t\t\t\t\t\t\t<\/div>\r\n\t\t\t\t<\/div>\r\n\t\t\t\t<div class=\"elementor-element elementor-element-7a5f409 elementor-widget elementor-widget-image\" data-id=\"7a5f409\" data-element_type=\"widget\" data-widget_type=\"image.default\">\r\n\t\t\t\t<div class=\"elementor-widget-container\">\r\n\t\t\t\t\t\t\t\t\t\t\t\t<figure class=\"wp-caption\">\r\n\t\t\t\t\t\t\t\t\t\t\t<a href=\"https:\/\/www.fesfa.co\/wp-content\/uploads\/2026\/03\/REGLAMENTO-DE-CREDITO-12-DE-MARZO-DE-2026.pdf\">\r\n\t\t\t\t\t\t\t<img loading=\"lazy\" decoding=\"async\" width=\"1024\" height=\"214\" src=\"https:\/\/www.fesfa.co\/wp-content\/uploads\/2025\/12\/Recurso-7@4x-1-1024x214.png\" class=\"attachment-large size-large\" alt=\"\" srcset=\"https:\/\/www.fesfa.co\/wp-content\/uploads\/2025\/12\/Recurso-7@4x-1-1024x214.png 1024w, https:\/\/www.fesfa.co\/wp-content\/uploads\/2025\/12\/Recurso-7@4x-1-300x63.png 300w, https:\/\/www.fesfa.co\/wp-content\/uploads\/2025\/12\/Recurso-7@4x-1-768x161.png 768w, https:\/\/www.fesfa.co\/wp-content\/uploads\/2025\/12\/Recurso-7@4x-1-1536x321.png 1536w, https:\/\/www.fesfa.co\/wp-content\/uploads\/2025\/12\/Recurso-7@4x-1-650x136.png 650w, https:\/\/www.fesfa.co\/wp-content\/uploads\/2025\/12\/Recurso-7@4x-1.png 1591w\" sizes=\"auto, (max-width: 1024px) 100vw, 1024px\" \/>\t\t\t\t\t\t\t\t<\/a>\r\n\t\t\t\t\t\t\t\t\t\t\t<figcaption class=\"widget-image-caption wp-caption-text\"><\/figcaption>\r\n\t\t\t\t\t\t\t\t\t\t<\/figure>\r\n\t\t\t\t\t\t\t\t\t<\/div>\r\n\t\t\t\t<\/div>\r\n\t\t\t\t<div class=\"elementor-element elementor-element-4c78adb elementor-widget elementor-widget-image\" data-id=\"4c78adb\" data-element_type=\"widget\" data-widget_type=\"image.default\">\r\n\t\t\t\t<div class=\"elementor-widget-container\">\r\n\t\t\t\t\t\t\t\t\t\t\t\t<figure class=\"wp-caption\">\r\n\t\t\t\t\t\t\t\t\t\t\t<a href=\"https:\/\/www.fesfa.co\/wp-content\/uploads\/2024\/10\/ACUERDO-REGLAMENTO_DE_BIENESTAR_SOCIAL_SEPTIEMBRE_204_Rev_DEF1-ACUERDO-14.pdf\">\r\n\t\t\t\t\t\t\t<img loading=\"lazy\" decoding=\"async\" width=\"1024\" height=\"214\" src=\"https:\/\/www.fesfa.co\/wp-content\/uploads\/2025\/12\/Recurso-7@4x-1-1024x214.png\" class=\"attachment-large size-large\" alt=\"\" srcset=\"https:\/\/www.fesfa.co\/wp-content\/uploads\/2025\/12\/Recurso-7@4x-1-1024x214.png 1024w, https:\/\/www.fesfa.co\/wp-content\/uploads\/2025\/12\/Recurso-7@4x-1-300x63.png 300w, https:\/\/www.fesfa.co\/wp-content\/uploads\/2025\/12\/Recurso-7@4x-1-768x161.png 768w, https:\/\/www.fesfa.co\/wp-content\/uploads\/2025\/12\/Recurso-7@4x-1-1536x321.png 1536w, https:\/\/www.fesfa.co\/wp-content\/uploads\/2025\/12\/Recurso-7@4x-1-650x136.png 650w, https:\/\/www.fesfa.co\/wp-content\/uploads\/2025\/12\/Recurso-7@4x-1.png 1591w\" sizes=\"auto, (max-width: 1024px) 100vw, 1024px\" \/>\t\t\t\t\t\t\t\t<\/a>\r\n\t\t\t\t\t\t\t\t\t\t\t<figcaption class=\"widget-image-caption wp-caption-text\"><\/figcaption>\r\n\t\t\t\t\t\t\t\t\t\t<\/figure>\r\n\t\t\t\t\t\t\t\t\t<\/div>\r\n\t\t\t\t<\/div>\r\n\t\t\t\t<div class=\"elementor-element elementor-element-e687172 elementor-widget elementor-widget-image\" data-id=\"e687172\" data-element_type=\"widget\" data-widget_type=\"image.default\">\r\n\t\t\t\t<div class=\"elementor-widget-container\">\r\n\t\t\t\t\t\t\t\t\t\t\t\t<figure class=\"wp-caption\">\r\n\t\t\t\t\t\t\t\t\t\t\t<a href=\"https:\/\/www.fesfa.co\/wp-content\/uploads\/2021\/08\/REGLAMENTO-DE-AHORRO-VOLUNTARIO-PROGRAMADO-2021.pdf\">\r\n\t\t\t\t\t\t\t<img loading=\"lazy\" decoding=\"async\" width=\"1024\" height=\"214\" src=\"https:\/\/www.fesfa.co\/wp-content\/uploads\/2025\/12\/Recurso-7@4x-1-1024x214.png\" class=\"attachment-large size-large\" alt=\"\" srcset=\"https:\/\/www.fesfa.co\/wp-content\/uploads\/2025\/12\/Recurso-7@4x-1-1024x214.png 1024w, https:\/\/www.fesfa.co\/wp-content\/uploads\/2025\/12\/Recurso-7@4x-1-300x63.png 300w, https:\/\/www.fesfa.co\/wp-content\/uploads\/2025\/12\/Recurso-7@4x-1-768x161.png 768w, https:\/\/www.fesfa.co\/wp-content\/uploads\/2025\/12\/Recurso-7@4x-1-1536x321.png 1536w, https:\/\/www.fesfa.co\/wp-content\/uploads\/2025\/12\/Recurso-7@4x-1-650x136.png 650w, https:\/\/www.fesfa.co\/wp-content\/uploads\/2025\/12\/Recurso-7@4x-1.png 1591w\" sizes=\"auto, (max-width: 1024px) 100vw, 1024px\" \/>\t\t\t\t\t\t\t\t<\/a>\r\n\t\t\t\t\t\t\t\t\t\t\t<figcaption class=\"widget-image-caption wp-caption-text\"><\/figcaption>\r\n\t\t\t\t\t\t\t\t\t\t<\/figure>\r\n\t\t\t\t\t\t\t\t\t<\/div>\r\n\t\t\t\t<\/div>\r\n\t\t\t\t<div class=\"elementor-element elementor-element-f24e2ef elementor-widget elementor-widget-image\" data-id=\"f24e2ef\" data-element_type=\"widget\" data-widget_type=\"image.default\">\r\n\t\t\t\t<div class=\"elementor-widget-container\">\r\n\t\t\t\t\t\t\t\t\t\t\t\t<figure class=\"wp-caption\">\r\n\t\t\t\t\t\t\t\t\t\t\t<a href=\"https:\/\/www.fesfa.co\/wp-content\/uploads\/2025\/10\/ACUERDO-NU\u0301MERO-11-REQUISITOS-PARA-SER-BENEFICIARIO-DEL-OBSEQUIO-DE-FIN-DE-AN\u0303O-1.pdf\">\r\n\t\t\t\t\t\t\t<img loading=\"lazy\" decoding=\"async\" width=\"1024\" height=\"214\" src=\"https:\/\/www.fesfa.co\/wp-content\/uploads\/2025\/12\/Recurso-7@4x-1-1024x214.png\" class=\"attachment-large size-large\" alt=\"\" srcset=\"https:\/\/www.fesfa.co\/wp-content\/uploads\/2025\/12\/Recurso-7@4x-1-1024x214.png 1024w, https:\/\/www.fesfa.co\/wp-content\/uploads\/2025\/12\/Recurso-7@4x-1-300x63.png 300w, https:\/\/www.fesfa.co\/wp-content\/uploads\/2025\/12\/Recurso-7@4x-1-768x161.png 768w, https:\/\/www.fesfa.co\/wp-content\/uploads\/2025\/12\/Recurso-7@4x-1-1536x321.png 1536w, https:\/\/www.fesfa.co\/wp-content\/uploads\/2025\/12\/Recurso-7@4x-1-650x136.png 650w, https:\/\/www.fesfa.co\/wp-content\/uploads\/2025\/12\/Recurso-7@4x-1.png 1591w\" sizes=\"auto, (max-width: 1024px) 100vw, 1024px\" \/>\t\t\t\t\t\t\t\t<\/a>\r\n\t\t\t\t\t\t\t\t\t\t\t<figcaption class=\"widget-image-caption wp-caption-text\"><\/figcaption>\r\n\t\t\t\t\t\t\t\t\t\t<\/figure>\r\n\t\t\t\t\t\t\t\t\t<\/div>\r\n\t\t\t\t<\/div>\r\n\t\t\t\t<div class=\"elementor-element elementor-element-a091499 elementor-widget elementor-widget-image\" data-id=\"a091499\" data-element_type=\"widget\" data-widget_type=\"image.default\">\r\n\t\t\t\t<div class=\"elementor-widget-container\">\r\n\t\t\t\t\t\t\t\t\t\t\t\t<figure class=\"wp-caption\">\r\n\t\t\t\t\t\t\t\t\t\t\t<a href=\"https:\/\/www.fesfa.co\/wp-content\/uploads\/2025\/07\/POLITICA-TRATAMIENTO-DE-DATOS-FESFA.doc.pdf\">\r\n\t\t\t\t\t\t\t<img loading=\"lazy\" decoding=\"async\" width=\"1024\" height=\"214\" src=\"https:\/\/www.fesfa.co\/wp-content\/uploads\/2025\/12\/Recurso-7@4x-1-1024x214.png\" class=\"attachment-large size-large\" alt=\"\" srcset=\"https:\/\/www.fesfa.co\/wp-content\/uploads\/2025\/12\/Recurso-7@4x-1-1024x214.png 1024w, https:\/\/www.fesfa.co\/wp-content\/uploads\/2025\/12\/Recurso-7@4x-1-300x63.png 300w, https:\/\/www.fesfa.co\/wp-content\/uploads\/2025\/12\/Recurso-7@4x-1-768x161.png 768w, https:\/\/www.fesfa.co\/wp-content\/uploads\/2025\/12\/Recurso-7@4x-1-1536x321.png 1536w, https:\/\/www.fesfa.co\/wp-content\/uploads\/2025\/12\/Recurso-7@4x-1-650x136.png 650w, https:\/\/www.fesfa.co\/wp-content\/uploads\/2025\/12\/Recurso-7@4x-1.png 1591w\" sizes=\"auto, (max-width: 1024px) 100vw, 1024px\" \/>\t\t\t\t\t\t\t\t<\/a>\r\n\t\t\t\t\t\t\t\t\t\t\t<figcaption class=\"widget-image-caption wp-caption-text\"><\/figcaption>\r\n\t\t\t\t\t\t\t\t\t\t<\/figure>\r\n\t\t\t\t\t\t\t\t\t<\/div>\r\n\t\t\t\t<\/div>\r\n\t\t\t\t<div class=\"elementor-element elementor-element-c2b685a elementor-widget elementor-widget-image\" data-id=\"c2b685a\" data-element_type=\"widget\" data-widget_type=\"image.default\">\r\n\t\t\t\t<div class=\"elementor-widget-container\">\r\n\t\t\t\t\t\t\t\t\t\t\t\t<figure class=\"wp-caption\">\r\n\t\t\t\t\t\t\t\t\t\t\t<a href=\"https:\/\/www.fesfa.co\/wp-content\/uploads\/2025\/03\/CODIGO-DE-BUEN-GOBIERNO-FESFA-V2.pdf\">\r\n\t\t\t\t\t\t\t<img loading=\"lazy\" decoding=\"async\" width=\"1024\" height=\"214\" src=\"https:\/\/www.fesfa.co\/wp-content\/uploads\/2025\/12\/Recurso-7@4x-1-1024x214.png\" class=\"attachment-large size-large\" alt=\"\" srcset=\"https:\/\/www.fesfa.co\/wp-content\/uploads\/2025\/12\/Recurso-7@4x-1-1024x214.png 1024w, https:\/\/www.fesfa.co\/wp-content\/uploads\/2025\/12\/Recurso-7@4x-1-300x63.png 300w, https:\/\/www.fesfa.co\/wp-content\/uploads\/2025\/12\/Recurso-7@4x-1-768x161.png 768w, https:\/\/www.fesfa.co\/wp-content\/uploads\/2025\/12\/Recurso-7@4x-1-1536x321.png 1536w, https:\/\/www.fesfa.co\/wp-content\/uploads\/2025\/12\/Recurso-7@4x-1-650x136.png 650w, https:\/\/www.fesfa.co\/wp-content\/uploads\/2025\/12\/Recurso-7@4x-1.png 1591w\" sizes=\"auto, (max-width: 1024px) 100vw, 1024px\" \/>\t\t\t\t\t\t\t\t<\/a>\r\n\t\t\t\t\t\t\t\t\t\t\t<figcaption class=\"widget-image-caption wp-caption-text\"><\/figcaption>\r\n\t\t\t\t\t\t\t\t\t\t<\/figure>\r\n\t\t\t\t\t\t\t\t\t<\/div>\r\n\t\t\t\t<\/div>\r\n\t\t\t\t\t<\/div>\r\n\t\t<\/div>\r\n\t\t\t\t\t\t\t<\/div>\r\n\t\t<\/section>\r\n\t\t\t\t<section class=\"elementor-section elementor-top-section elementor-element elementor-element-f733979 elementor-section-boxed elementor-section-height-default elementor-section-height-default\" data-id=\"f733979\" data-element_type=\"section\">\r\n\t\t\t\t\t\t<div class=\"elementor-container elementor-column-gap-default\">\r\n\t\t\t\t\t<div class=\"elementor-column elementor-col-33 elementor-top-column elementor-element elementor-element-93f6fd5\" data-id=\"93f6fd5\" data-element_type=\"column\">\r\n\t\t\t<div class=\"elementor-widget-wrap\">\r\n\t\t\t\t\t\t\t\t\t<\/div>\r\n\t\t<\/div>\r\n\t\t\t\t<div class=\"elementor-column elementor-col-33 elementor-top-column elementor-element elementor-element-6458600\" data-id=\"6458600\" data-element_type=\"column\">\r\n\t\t\t<div class=\"elementor-widget-wrap\">\r\n\t\t\t\t\t\t\t\t\t<\/div>\r\n\t\t<\/div>\r\n\t\t\t\t<div class=\"elementor-column elementor-col-33 elementor-top-column elementor-element elementor-element-e8fb923\" data-id=\"e8fb923\" data-element_type=\"column\">\r\n\t\t\t<div class=\"elementor-widget-wrap\">\r\n\t\t\t\t\t\t\t\t\t<\/div>\r\n\t\t<\/div>\r\n\t\t\t\t\t\t\t<\/div>\r\n\t\t<\/section>\r\n\t\t\t\t\t\t<\/div>\r\n\t\t\t\t\t<\/div>\r\n\t\t","protected":false},"excerpt":{"rendered":"<p>Estatuto y reglamentos Conoce las normas que orientan el funcionamiento de nuestra organizaci\u00f3n, garantizando la transparencia, la participaci\u00f3n y el cumplimiento de nuestros principios y deberes como asociados. Estatuto: El Estatuto establece las normas que rigen el funcionamiento de FESFA, los derechos y deberes de los asociados y la estructura de la entidad. Reglamento de &hellip;<\/p>\n<p class=\"read-more\"> <a class=\"\" href=\"https:\/\/www.fesfa.co\/?page_id=1083\"> <span class=\"screen-reader-text\">normatividad<\/span> Leer m\u00e1s &raquo;<\/a><\/p>\n","protected":false},"author":1,"featured_media":0,"parent":0,"menu_order":0,"comment_status":"closed","ping_status":"closed","template":"","meta":{"_joinchat":[],"footnotes":""},"class_list":["post-1083","page","type-page","status-publish","hentry"],"_links":{"self":[{"href":"https:\/\/www.fesfa.co\/index.php?rest_route=\/wp\/v2\/pages\/1083","targetHints":{"allow":["GET"]}}],"collection":[{"href":"https:\/\/www.fesfa.co\/index.php?rest_route=\/wp\/v2\/pages"}],"about":[{"href":"https:\/\/www.fesfa.co\/index.php?rest_route=\/wp\/v2\/types\/page"}],"author":[{"embeddable":true,"href":"https:\/\/www.fesfa.co\/index.php?rest_route=\/wp\/v2\/users\/1"}],"replies":[{"embeddable":true,"href":"https:\/\/www.fesfa.co\/index.php?rest_route=%2Fwp%2Fv2%2Fcomments&post=1083"}],"version-history":[{"count":163,"href":"https:\/\/www.fesfa.co\/index.php?rest_route=\/wp\/v2\/pages\/1083\/revisions"}],"predecessor-version":[{"id":30573,"href":"https:\/\/www.fesfa.co\/index.php?rest_route=\/wp\/v2\/pages\/1083\/revisions\/30573"}],"wp:attachment":[{"href":"https:\/\/www.fesfa.co\/index.php?rest_route=%2Fwp%2Fv2%2Fmedia&parent=1083"}],"curies":[{"name":"wp","href":"https:\/\/api.w.org\/{rel}","templated":true}]}}